*v**2 - v + 3*v**3 - v**2 - 2*v**3. Suppose -5 + 9 = -2*x. Calculate j(x).
2
Let f(y) = 2*y + 4. Let l = 5 - 1. Suppose t + 21 = -l*n, -2*n - 5 = -5*t - 22. Calculate f(t).
-6
Suppose -10*j = -6*j - 12. Let c(g) = g**3 - 5*g**2 + 3*g + 4. Calculate c(j).
-5
Let h = -4 + 6. Let w(a) = a + 6 - 7 - h*a + 2*a. Let s = 8 + -5. Determine w(s).
2
Let t(x) be the second derivative of x**4/12 - 5*x**3/6 + x**2 - 4*x. Suppose 0*l = 2*l + 4*m - 8, 13 = 4*l + 5*m. Calculate t(l).
-4
Let p(v) be the second derivative of -v**4/12 + v**3/2 + v**2/2 - 4*v. What is p(3)?
1
Let d(b) = -b**3 - b**2 + 3*b - 1. Let c(i) = -i + 1. Suppose -2 - 10 = 4*m. Let h = 2 + m. Let z be c(h). Give d(z).
-7
Let b(c) = c**2 + 3*c - 4. Suppose -4*j + 0*j + 3*a = 15, -4*j - 3*a - 9 = 0. Calculate b(j).
-4
Let y(l) be the third derivative of l**4/8 + 2*l**3/3 + l**2. Calculate y(-3).
-5
Suppose -39 = -4*g + 4*s - s, 4*g - 34 = 2*s. Let b(j) = j + g*j - 4*j. Suppose o + 3 = -0. Calculate b(o).
-9
Let a be -1 - -4*(1 - 2). Let b(x) = x**2 + 5*x + 5. What is b(a)?
5
Let c(j) = -2*j**2 - 6*j - 10. Let s be c(-5). Let i = s - -28. Let o(x) = 2*x**3 + x**2 - 4*x - 3. Give o(i).
-7
Suppose -w - 3*w = 0. Suppose w = -4*p + 2*j + 9 + 15, -j - 27 = -5*p. Let i(a) = -a**2 + 5*a - 2*a - 6 + 5*a. Determine i(p).
9
Let v(y) = y - 10. Suppose 21 = m + 2*m. Calculate v(m).
-3
Let l(s) = 2*s**3 + 4*s**2 + 2*s - 1. Suppose 9 = 2*r + 13. Determine l(r).
-5
Let g = 0 + -2. Let y be (1 - 2)/(g/(-10)). Let j(f) be the second derivative of -f**4/12 - 5*f**3/6 + 7*f**2/2 - f. What is j(y)?
7
Let w be (-2)/(-12) + (-35)/30. Let g = 0 - w. Let l(s) = -2 - s - 2 + g. Determine l(-5).
2
Let w(y) be the third derivative of -y**7/2520 - y**5/120 - y**4/8 - y**2. Let m(x) be the second derivative of w(x). What is m(1)?
-2
Let d(c) = c**2 + 3. Let u be 0/1*(3/(-6) + 1). Give d(u).
3
Let u(o) = -15*o + 4 + 6*o + 9*o + 5*o. What is u(-4)?
-16
Let w = 20 - 12. Suppose 0 = 2*c + w, -4*j - j + 7 = 2*c. Let s(z) = z**3 - 3*z**2 - z + 4. Give s(j).
1
Let d(o) be the second derivative of 2*o**3/3 + 2*o. Let y be 6/(2 + 0 - 0). Suppose -z + y*x = -3*z - 4, 4*x + 4 = -2*z. Give d(z).
-8
Let d(s) = -5*s - 211*s**2 - 1 - 3 + 210*s**2. Calculate d(-4).
0
Suppose -2*j + 4 = -2. Let g(m) = -2*m**3 + 2*m**3 - 3*m**2 - 10*m - m**j + 13*m. Calculate g(-4).
4
Suppose 0 = -4*a - 2 + 6, 0 = -3*v - 3*a + 15. Suppose -3*w + 34 = 2*k, -w - v*w = -k - 61. Let u(h) = w - 5 + 4*h - 3*h. Determine u(-5).
2
Let h(r) = -r**2 - 5*r - 5. Let n be (-3 - -2)*-2 + 0. Suppose n*m - 36 = -m. Let p be (m/(-9))/(1/3). Determine h(p).
-1
Let z(w) = -15*w + 9. Let o(b) = 7*b - 4. Let u(a) = -9*o(a) - 4*z(a). Calculate u(-3).
9
Suppose 3*o - 7*o - 12 = 0. Let w(v) = 2*v + 2. Let x be w(o). Let g(l) = l**3 + 5*l**2 + 5*l + 5. Calculate g(x).
1
Suppose 0 = 2*l + 5*o - 21, -l + 5*o - 19 = -4*l. Let m = 0 - l. Let a(j) = -j**3 + 2*j**2 - 4*j + 2. Give a(m).
-6
Let g(b) = 2*b + 1. Let z be g(1). Let r(c) = c**3 - 3*c**2 + 2*c - 2. Let d be r(z). Let a(p) = -2*p + 2*p - d + p. Determine a(4).
0
Let f(j) = j**3 - 4*j**2 - 3*j - 6. Let c(g) = g**3 - 4*g**2 - 3*g - 6. Let u(o) = 7*c(o) - 6*f(o). Let x(d) = 5*d**2. Let p be x(1). What is u(p)?
4
Let u = -3 + 0. Let t(g) = -1 + 2*g - 4 + 1. What is t(u)?
-10
Suppose 0 = 4*f - 2*x + 1 - 15, -5*f - x = -14. Suppose 0 = 4*o - 5*i + 10, f*i - 2 = 2*o + 2*i. Let k(c) = -c**2 - 4. Give k(o).
-4
Let t(n) be the third derivative of n**6/360 + n**5/60 - n**4/12 + 7*n**2. Let j(h) be the second derivative of t(h). What is j(-4)?
-6
Let y(c) = c**3 + 8*c**2 - 6*c + 4. Let g(b) = -b**2 + b + 1. Let m(z) = 3*g(z) + y(z). Determine m(-6).
-11
Let p(g) = g**3 - 6*g**2 - 6*g + 6. Let h(k) = 3*k**3 - 11*k**2 - 11*k + 11. Let w(i) = 6*h(i) - 11*p(i). Calculate w(-1).
-7
Let g(b) = -1 - 6*b + b**2 - 9*b - 7*b + 18*b. What is g(4)?
-1
Let w(i) = -i**3 - i - 4*i**2 + 6*i**2 + 4*i**2 + 5. Determine w(6).
-1
Suppose 0 = -4*b - 8 - 16. Let g be (5 + b)*(0 + -6). Let i(s) = s**2 - 4*s - 2. Determine i(g).
10
Let s(z) = -3*z + 2 - 10 + 4*z. Let b = -3 + 0. Let p = 3 + b. Give s(p).
-8
Let z = 11 - 8. Let j(m) be the first derivative of -z*m - 1 - 1/2*m**2. What is j(-3)?
0
Let h(r) be the third derivative of -r**4/24 - 3*r**3/2 - 15*r**2. Give h(-8).
-1
Suppose -2*m - 6 = 2. Let y(f) = -f**3 - 5*f**2 - 6*f - 5. Give y(m).
3
Let w(k) = 3*k. Suppose -45 = 4*t - 7*t. Let o(s) = 7*s - 1. Let j(l) = t*w(l) - 6*o(l). What is j(-4)?
-6
Let m(w) = -8*w + 1. Suppose 4 = 2*h - 0*h. Suppose -h*y = y + j + 2, 2*y - 4*j + 6 = 0. Give m(y).
9
Let m(y) = 14*y**3 - y. Let f = -23 - -12. Let u = f - -10. Calculate m(u).
-13
Let u(o) = o**3 + 8*o**2 - 8*o + 13. Let t = -41 + 32. Give u(t).
4
Let l(t) = -3*t + 8 + 5*t**2 - 6*t**2 + 10*t. Determine l(8).
0
Let o(q) = q**2 - q + 4. Let t be o(3). Suppose 26 = 4*w + t. Let g(c) = -c**2 + 4*c + 0 + 1 + c. Give g(w).
5
Let g(r) = -4*r**3 - 9*r**2 + r - 3. Let i(x) = -3*x**3 - 8*x**2 - 2. Let k(n) = -4*g(n) + 5*i(n). What is k(5)?
7
Suppose -2*i + 6 = 4. Let k(w) = -w. Let z(s) = 5*s**3 - s**2 + 2*s. Let a be (-3)/(-1)*(-2)/6. Let h(o) = a*z(o) - k(o). Give h(i).
-5
Let i(o) = 3*o**2 + 3*o - 1. Let g(c) = c**2 + c. Let p(x) = -2*g(x) + i(x). Suppose 5*v - 4 = v. Calculate p(v).
1
Let q(k) = 6*k**3 - 6*k**2 + 5*k + 4. Let v = -11 + 15. Let g(o) = -5*o**3 + 6*o**2 - 5*o - 4. Let t(d) = v*q(d) + 5*g(d). Let f = 11 - 7. Calculate t(f).
8
Let p(t) = 0*t**2 - t**2 + 3 - t**2 + t**2. Calculate p(-4).
-13
Let g(u) = -u**3 - 5*u**2 - 4*u. Let a = -37 - -33. Give g(a).
0
Suppose 2*h - 7 + 5 = 0. Let p(m) be the first derivative of 5*m - 1/4*m**4 + 0*m**2 + h - 4/3*m**3. Calculate p(-4).
5
Let w(b) = b**2 - 4*b - 3. Suppose -1 = 3*j + m - 17, -3*j - 2*m = -20. Give w(j).
-3
Let j(t) = t + 3. Let b(l) be the third derivative of l**4/8 + 11*l**3/6 + 2*l**2. Let k be b(-6). Determine j(k).
-4
Let z = 8 + -1. Let i = z - 4. Let j(a) = a**3 + 2 - i*a - 3*a**2 - a + 2. What is j(3)?
-8
Let h be 6/((-35)/100 - (-4)/(-10)). Let m(a) = -a**3 - 7*a**2 + 7*a - 6. Give m(h).
2
Let s(q) = -2*q**2 - q + 2. Suppose -6 = -16*c + 19*c. Calculate s(c).
-4
Let f(c) = -c**2 + c + 1. Let l be f(2). Let k(j) = -2*j**2 - 4*j - 7. Let b(n) = -3*n**2 - 6*n - 11. Let x(q) = -5*b(q) + 8*k(q). Determine x(l).
0
Let a(g) be the second derivative of -2*g**3/3 - 3*g**2 + 5*g. Determine a(-5).
14
Let m(t) = -t**2 - 4*t + 2. Let w(i) = i**2 - 8*i + 9. Let q be w(6). Let x be m(q). Let l(c) be the third derivative of -c**4/24 - c**3/2 + 20*c**2. Give l(x).
-8
Suppose -4*g + 7*g - 9 = 0. Suppose -g*f + 3 + 0 = 0. Let k(t) = t - f + 3 - 5. Calculate k(-3).
-6
Let n(x) = -x**2 + x + 1. Suppose -6*g + 2*g - 12 = 0. Determine n(g).
-11
Let f be (-64)/(-6)*9/4. Suppose -5*b + 6 = -4, 4*r = -4*b + f. Let o = r - 1. Let n(s) = -s**2 + 4*s - 4. Determine n(o).
-1
Let c(f) = -16 - f + 0 + 10 + 3*f. Let o = 16 - 11. Determine c(o).
4
Let i(f) = 2*f + 9. Let r be ((-1)/(-1))/((-1)/8). What is i(r)?
-7
Let t(l) = -l + 2 - 2 + 8*l. Give t(-1).
-7
Let m be (1 - 2)/((-1)/29). Suppose -4 = 5*l - m. Let p(a) = 0 - 6 + 3*a - l*a + 3*a. What is p(0)?
-6
Let b(i) = -i**2 + 3*i + 3. Let s be b(3). Let l(k) = k + s + 5 - k**2 - 2*k. Let g = 55 + -55. What is l(g)?
8
Let i(r) be the second derivative of 0*r**3 + 1/2*r**2 - 7/12*r**4 - r + 0. Determine i(-1).
-6
Let c(f) = f**2 + 4*f - 3. Let g be c(-2). Let v(q) = q**3 + 7*q**2 + 2*q + 4. Determine v(g).
-10
Let i(k) = -4*k + 0*k + 2*k + 4*k. Let s be i(2). Let q(d) be the second derivative of -d**3/3 + 2*d**2 - d. What is q(s)?
-4
Let t be 0*(44/(-8))/11. Let r(g) = g**2 - 11. What is r(t)?
-11
Let s(l) = l**2 + 1. Let x(m) = -3*m**2 + 5*m - 3. Let h(w) = -4*s(w) - x(w). Determine h(-4).
3
Let y(l) = 3 + 2 - 4*l - 1 + 5*l. Let x be 0*2*(-1)/4. What is y(x)?
4
Suppose -11 - 37 = -8*h. Let k(i) be the first derivative of -h*i + 1/3*i**3 + 2 - 5/2*i**2. Calculate k(5).
-6
Let g = 91 - 83. Let i(p) = p**3 - 8*p**2 + p - 6. Give i(g).
2
Let n(a) = a**2 + 2*a + 4. Let j = -10 + 13. Suppose 0 = 5*r - 4*r + j. Give n(r).
7
Suppose -2*c + 24 = 6*c. Let u(s) be the first derivative of 1/2*s**2 + 0*s - 8/3*s**c + 3. Determine u(-1).
-9
Suppose 3*t + 42 + 3 = 4*h, -3 = t. Let f(k) = -3*k - 7 + 10*k - 2*k**2 - 8*k**2 + k**3 + 3*k. Let v 